30
What is the remainder when 5122 is divided by 2327?
468
Calculate the remainder when 955 is divided by 268.
151
What is the remainder when 806 is divided by 553?
253
What is the remainder when 112407 is divided by 37466?
9
Calculate the remainder when 12077 is divided by 1509.
5
What is the remainder when 143345 is divided by 1156?
1
What is the remainder when 6824 is divided by 7?
6
What is the remainder when 636 is divided by 323?
313
What is the remainder when 6408 is divided by 2559?
1290
What is the remainder when 55666 is divided by 13911?
22
Calculate the remainder when 11505 is divided by 256.
241
What is the remainder when 3024 is divided by 1433?
158
Calculate the remainder when 241779 is divided by 203.
6
Calculate the remainder when 2682 is divided by 136.
98
Calculate the remainder when 5390 is divided by 5383.
7
Calculate the remainder when 9619 is divided by 10.
9
Calculate the remainder when 1221 is divided by 123.
114
What is the remainder when 5606 is divided by 127?
18
What is the remainder when 37034 is divided by 378?
368
What is the remainder when 722 is divided by 77?
29
Calculate the remainder when 4356 is divided by 79.
11
What is the remainder when 6989 is divided by 6977?
12
What is the remainder when 436064 is divided by 474?
458
Calculate the remainder when 6627 is divided by 1994.
645
Calculate the remainder when 29502 is divided by 757.
736
What is the remainder when 12638 is divided by 2104?
14
What is the remainder when 107549 is divided by 22?
13
Calculate the remainder when 1273521 is divided by 21.
18
What is the remainder when 5570751 is divided by 16?
15
Calculate the remainder when 68249 is divided by 288.
281
Calculate the remainder when 46981 is divided by 26.
25
What is the remainder when 1429 is divided by 683?
63
What is the remainder when 14657 is divided by 204?
173
What is the remainder when 16123 is divided by 68?
7
Calculate the remainder when 7585 is divided by 3586.
413
Calculate the remainder when 364772 is divided by 731.
3
What is the remainder when 35951 is divided by 6?
5
Calculate the remainder when 1166 is divided by 156.
74
Calculate the remainder when 29866 is divided by 131.
129
Calculate the remainder when 765 is divided by 127.
3
What is the remainder when 53077 is divided by 68?
37
What is the remainder when 1573 is divided by 80?
53
What is the remainder when 6767 is divided by 148?
107
Calculate the remainder when 308651 is divided by 194.
191
Calculate the remainder when 13658 is divided by 3324.
362
Calculate the remainder when 1339 is divided by 259.
44
Calculate the remainder when 1823 is divided by 1753.
70
What is the remainder when 76409 is divided by 15280?
9
What is the remainder when 1860431 is divided by 686?
685
What is the remainder when 5341 is divided by 5275?
66
Calculate the remainder when 16534 is divided by 106.
104
What is the remainder when 759523 is divided by 205?
203
Calculate the remainder when 15704 is divided by 606.
554
Calculate the remainder when 428 is divided by 207.
14
What is the remainder when 2750 is divided by 547?
15
What is the remainder when 624336 is divided by 22?
20
What is the remainder when 244956 is divided by 501?
468
What is the remainder when 805505 is divided by 4?
1
What is the remainder when 16868 is divided by 1504?
324
Calculate the remainder when 1065898 is divided by 110.
108
Calculate the remainder when 1540 is divided by 95.
20
What is the remainder when 9010 is divided by 835?
660
What is the remainder when 6636 is divided by 313?
63
Calculate the remainder when 172861 is divided by 16.
13
What is the remainder when 34863 is divided by 39?
36
Calculate the remainder when 2043 is divided by 1036.
1007
What is the remainder when 81429 is divided by 31?
23
What is the remainder when 59850 is divided by 92?
50
What is the remainder when 84369 is divided by 158?
155
Calculate the remainder when 310000 is divided by 366.
364
What is the remainder when 2001734 is divided by 23?
21
Calculate the remainder when 5613 is divided by 194.
181
What is the remainder when 736694 is divided by 63?
35
What is the remainder when 385957 is divided by 40?
37
What is the remainder when 9098 is divided by 314?
306
Calculate the remainder when 240 is divided by 201.
39
Calculate the remainder when 16326 is divided by 680.
6
What is the remainder when 14078 is divided by 2494?
1608
Calculate the remainder when 11962 is divided by 19.
11
Calculate the remainder when 41167 is divided by 251.
3
What is the remainder when 311385 is divided by 526?
519
Calculate the remainder when 851409 is divided by 25800.
9
What is the remainder when 13452 is divided by 313?
306
What is the remainder when 7744 is divided by 325?
269
What is the remainder when 185316 is divided by 328?
324
Calculate the remainder when 5984 is divided by 844.
76
Calculate the remainder when 10514 is divided by 29.
16
What is the remainder when 1025 is divided by 262?
239
What is the remainder when 985483 is divided by 4?
3
What is the remainder when 123 is divided by 14?
11
What is the remainder when 1068 is divided by 10?
8
What is the remainder when 2403 is divided by 701?
300
What is the remainder when 1059 is divided by 107?
96
What is the remainder when 2932 is divided by 444?
268
Calculate the remainder when 226249 is divided by 3535.
9
What is the remainder when 1460 is divided by 98?
88
Calculate the remainder when 4345 is divided by 69.
67
Calculate the remainder when 12197 is divided by 78.
29
Calculate the remainder when 79844 is divided by 40.
4
Calculate the remainder when 204395 is divided by 184.
155
What is the remainder when 47189 is divided by 15?
14
What is the remainder when 285 is divided by 10?
5
Calculate the remainder when 279983 is divided by 2276.
35
Calculate the remainder when 146 is divided by 37.
35
Calculate the remainder when 15770 is divided by 15738.
32
What is the remainder when 944 is divided by 280?
104
Calculate the remainder when 320345 is divided by 53.
13
Calculate the remainder when 1231806 is divided by 38.
36
Calculate the remainder when 25795 is divided by 5967.
1927
Calculate the remainder when 23225 is divided by 2902.
9
What is the remainder when 251685 is divided by 8?
5
What is the remainder when 378657 is divided by 10?
7
What is the remainder when 3574 is divided by 1133?
175
Calculate the remainder when 75039 is divided by 469.
468
Calculate the remainder when 8018 is divided by 349.
340
Calculate the remainder when 27134 is divided by 848.
846
What is the remainder when 2754 is divided by 667?
86
What is the remainder when 251864 is divided by 6995?
44
What is the remainder when 14263 is divided by 368?
279
Calculate the remainder when 1511 is divided by 66.
59
What is the remainder when 3083 is divided by 156?
119
Calculate the remainder when 39334 is divided by 562.
556
Calculate the remainder when 90220 is divided by 22.
20
Calculate the remainder when 404778 is divided by 370.
368
Calculate the remainder when 560 is divided by 47.
43
Calculate the remainder when 2985631 is divided by 63.
61
What is the remainder when 11619 is divided by 12?
3
Calculate the remainder when 166170 is divided by 193.
190
Calculate the remainder when 6687956 is divided by 47.
44
Calculate the remainder when 845 is divided by 439.
406
Calculate the remainder when 10663 is divided by 30.
13
Calculate the remainder when 1787 is divided by 368.
315
What is the remainder when 65879 is divided by 182?
177
Calculate the remainder when 470 is divided by 93.
5
Calculate the remainder when 150209 is divided by 5.
4
What is the remainder when 296983 is divided by 82?
61
Calculate the remainder when 1255118 is divided by 80.
78
What is the remainder when 16374 is divided by 20?
14
What is the remainder when 139374 is divided by 101?
95
What is the remainder when 3454 is divided by 3436?
18
What is the remainder when 180 is divided by 47?
39
What is the remainder when 13994 is divided by 1554?
8
What is the remainder when 1678 is divided by 1569?
109
What is the remainder when 21435 is divided by 522?
33
Calculate the remainder when 19164 is divided by 1934.
1758
Calculate the remainder when 98575 is divided by 795.
790
What is the remainder when 12074